greatest common factor of 3 and o?
3
Let k(t) = 112*t - 852. Let f be k(9). What is the highest common factor of f and 36?
12
Suppose -3*h = -5*h + 18. Suppose 7 = 3*m + 1. Let q = h + m. What is the highest common divisor of q and 55?
11
Let x(o) = o**3 - 3*o**2 + 2*o. Let m be x(4). Let c = -13 - -18. Suppose -15 = -0*i - c*i. What is the greatest common factor of i and m?
3
Suppose -5*l = 5*j + 2 + 3, 5*l = 3*j + 35. Calculate the highest common factor of 13 and l.
1
Let n be 45*((-35)/15 + 2 + 1). Suppose 0 = -3*i + 3*m - 0*m + 102, -5*i - 4*m + 206 = 0. Let r = i - n. Calculate the greatest common factor of 2 and r.
2
Suppose -5*r = -4*b + 7, 3*b + r = 9 + 1. Suppose 4*p = -5*g + 67, 2*p - 15 = -b*p. Let l = 3 + 41. What is the highest common divisor of g and l?
11
Suppose 567 = -5*s - 2*s. Let j = 144 + s. Calculate the greatest common divisor of 21 and j.
21
Let z(v) = 4*v + v**2 - 3*v + 0*v + 10. Let m be z(0). Calculate the highest common divisor of 70 and m.
10
Suppose 2 = -4*w + 22, 0 = 4*b + w - 397. What is the greatest common divisor of 294 and b?
98
Let z be (9 - (-4)/(24/(-30)))*19. What is the greatest common divisor of 114 and z?
38
Let a(w) = w**3 - 14*w**2 - 15*w + 2. Let f be a(15). Let d = f + 46. Let p(v) = -v**2 + 6*v - 3. Let z be p(3). What is the highest common factor of z and d?
6
Let s = 32 + -35. Let k be -1 + (159 - (s + 7)). What is the greatest common divisor of 14 and k?
14
Let t be (-24)/(-84) + 3057/7. Calculate the highest common divisor of t and 161.
23
Let l be (-101)/(-6) + 1/6. Suppose 5*v + 10 = 95. What is the greatest common factor of v and l?
17
Let v(c) = 8*c + 60. Let s be v(-7). Suppose n - 30 = -2*n. What is the greatest common factor of s and n?
2
Let h(m) = -m**3 + 13*m**2 - 10*m - 4. Let t be h(12). What is the highest common factor of 320 and t?
20
Let l be (-4)/(-10) + (-60)/25. Let v be 2 + (3 + l)/(-1). Calculate the highest common divisor of v and 1.
1
Let w = -2364 + 2378. Suppose 0 = -0*o + 3*o - 294. Calculate the greatest common divisor of o and w.
14
Let n(l) = 21*l**2 + 2*l - 4. Let d be n(2). Let a(y) = y**3 + 11*y**2 + 4*y. Let o be a(-9). Calculate the highest common factor of d and o.
42
Suppose 2*j + 5*l - 6*l - 82 = 0, -4*l - 16 = 0. Calculate the greatest common factor of j and 351.
39
Suppose 14*u - 236 - 128 = 0. What is the highest common factor of 208 and u?
26
Let k be (70/(-1) - 2)*1027/(-52). What is the highest common divisor of 18 and k?
18
Let f be (21/(-6))/(1/(-8)). Suppose -2*z - 5*y + 64 = -191, 585 = 4*z - 5*y. What is the greatest common factor of f and z?
28
Suppose 3*o + 126 = 4*c, 38*o + 6 = 41*o. Calculate the greatest common factor of c and 1562.
11
Let z be ((-44)/6)/((-2)/(-6)). Let i = z - -26. Suppose -440 = -5*d - 5*k, -i*d - 4*k = k - 350. What is the greatest common factor of d and 36?
18
Let v(x) = -x**2 + 52*x - 506. Let o be v(39). Calculate the greatest common factor of o and 41.
1
Let k be 2/9 - ((-784)/36 - -6). Let a be -2 + 0/(-1) - -4. What is the greatest common divisor of k and a?
2
Let r(q) = q**2 + 15*q - 116. Let u be r(8). What is the greatest common factor of 476 and u?
68
Let a(j) = -j**3 - 14*j**2 + 33*j + 37. Let h be a(-16). What is the highest common divisor of 49 and h?
7
Suppose -49*g + 101 = -48*g. Calculate the greatest common divisor of g and 707.
101
Suppose 0 = -i + 5, 5*x + 2*i = i + 200. Let o = 19 + -15. Suppose 43 = 3*n + o. Calculate the highest common divisor of n and x.
13
Let c(v) = -v**2 - 28*v - 5. Let i be c(-25). What is the highest common divisor of 245 and i?
35
Suppose -19 = -9*x + 8. Suppose -c = -3*i + x*c + 93, 3 = c. Let k be (-1 + 0)/(1/(-7)). Calculate the highest common divisor of k and i.
7
Suppose 0 = q + w + 4, -q - 1 = -w - 5. Let d be 93 - q - 9/3. Calculate the highest common factor of 10 and d.
10
Suppose -5*c + 675 = 5*n, -2*c = 4*n - 181 - 95. Let t = c + -18. Calculate the greatest common divisor of t and 38.
38
Let o(r) = 7*r**2 + 7*r - 15. Suppose -3*d + 4*d = -5*a + 18, 10 = 3*a + d. Let y be o(a). Calculate the greatest common divisor of 50 and y.
25
Let b = -230 + 254. What is the greatest common factor of 128 and b?
8
Let v(t) = 63*t**2 - 2*t + 1. Let m be v(1). Suppose -3*f + m + 193 = 0. Calculate the highest common divisor of 17 and f.
17
Suppose -18*c = -14*c - 736. Calculate the highest common divisor of 8 and c.
8
Let b(v) = -v**2 + 5*v - 3. Let h be b(4). Suppose j = 4 - h. Calculate the highest common factor of j and 27.
3
Suppose 2*d - 432 = -2*s + 5*d, -4*s + 3*d = -852. Calculate the highest common divisor of 84 and s.
42
Suppose 16*f - 3*f = 208. What is the greatest common factor of 48 and f?
16
Suppose -4*u + f = -1020, 3*u + 3*f - 765 = 2*f. Calculate the greatest common factor of u and 204.
51
Suppose 3*c = k - 87, 5*k - k - 332 = 4*c. Calculate the highest common divisor of 18 and k.
9
Let c = -290 - -130. Let l = c + 352. What is the highest common factor of l and 32?
32
Let l(w) = -w**3 - 9*w**2 - 79*w + 23. Let p be l(-14). Calculate the greatest common factor of p and 57.
57
Suppose 134*c + 2214 = 137*c. What is the highest common factor of c and 18?
18
Let b(u) be the second derivative of u**4/2 + 5*u**3 + u**2 - 22*u. Let o be b(-12). What is the greatest common divisor of o and 46?
46
Let z = 30 - 33. Let x be z/(-1)*(-10)/(-15). Let o(j) = -j**2 - 5*j - 4. Let k be o(-3). Calculate the highest common factor of x and k.
2
Let t(l) = l**2 + 5*l - 33. Let y be t(-14). Let j be (-6*2)/(y/(-124)). What is the greatest common factor of j and 1?
1
Suppose -2*v = 2*u - 466, 31*v + 695 = 3*u + 32*v. Calculate the highest common divisor of 273 and u.
21
Suppose 0*u - 3*u = -951. Suppose 9*o = u - 74. Let b(z) = 9*z**2 + z + 1. Let s be b(-1). What is the highest common factor of s and o?
9
Suppose 5*j - 12 = 13. Suppose 0 = 4*y - 4, 3*y + 277 = j*u - 0*y. What is the greatest common factor of u and 8?
8
Suppose -3*z + 72 = -0*z. Suppose z = l + 4. Calculate the greatest common factor of l and 30.
10
Let f(r) = 9*r + 9. Let c be f(-2). Let v = 10 - c. What is the greatest common divisor of 76 and v?
19
Let s be (-14)/4*(6 + 872/(-28)). What is the greatest common divisor of s and 40?
8
Let f(u) = -u**2 + 31*u + 59. Let r be f(29). What is the greatest common factor of r and 39?
39
Suppose -6*a = -3*k - a - 40, -a = -5. Let c be 2 + 22 + 1 + (k - -2). Calculate the highest common factor of c and 2.
2
Let w(t) = -2*t**3 - 3*t**2 - 4*t. Let d be w(-4). Let r be (-152)/(-1900) + 596/50. Calculate the greatest common factor of d and r.
12
Let v(a) = -2*a**3 - 9*a**2 - 5. Let c be v(-7). Let z = c - 132. What is the highest common divisor of 12 and z?
12
Let t = -5939 - -8355. Calculate the highest common factor of 151 and t.
151
Suppose -8 = 2*g, 0 = 2*k - 2*g - 18 + 4. Suppose 0 = -i + 5*v + 12, -4 + 14 = 3*i - 2*v. Calculate the greatest common divisor of i and k.
1
Let l(j) be the first derivative of 6*j**3 + 5*j**2/2 + 2*j - 53. Let q be l(-2). Calculate the greatest common divisor of q and 32.
32
Let v(g) = g**3 - 9*g**2 - g + 11. Let a be v(9). Suppose 2*t = -a*t + 108. Let k be (6/(-8))/(2/(-144)). Calculate the greatest common divisor of t and k.
27
Let m be 4/18 + (-748)/(-36). Let t = -19 + m. Suppose t*v - 6*v + 396 = 0. Calculate the greatest common divisor of v and 9.
9
Let o(v) = -7*v - 34. Let s be o(-10). Calculate the highest common divisor of 99 and s.
9
Let i = -492 - -562. Calculate the greatest common divisor of i and 1120.
70
Let p = 54 - 40. Let j = 14 + p. Suppose 2*c + 3*c = 350. Calculate the highest common factor of c and j.
14
Suppose 54 + 33 = 3*h. Let o = -14 + h. Calculate the highest common divisor of o and 5.
5
Let i(x) = 221*x**3 - 17*x + 16. Let q be i(1). Calculate the greatest common divisor of q and 20.
20
Suppose 0 = -4*b + 4*k + 128, -207*b - 139 = -212*b - 2*k. What is the highest common divisor of b and 2262?
29
Let c be 0 + 9*37 + 2. Suppose -4 = 2*y, -3*w + 312 = -w + 5*y. Let s = c - w. Calculate the greatest common divisor of s and 29.
29
Let p(j) = 96*j + 20. Let r be p(3). Calculate the highest common factor of r and 176.
44
Let r(m) = -m**3 + 12*m**2 - 11*m + 8. Suppose 2*w = -w + 9. Suppose -w*i + 4 + 29 = 0. Let p be r